{"id":41,"date":"2014-04-18T18:01:34","date_gmt":"2014-04-18T18:01:34","guid":{"rendered":"http:\/\/heilen-mit-homoeopathie.de\/?page_id=41"},"modified":"2023-03-12T16:29:11","modified_gmt":"2023-03-12T16:29:11","slug":"meine-praxis","status":"publish","type":"page","link":"https:\/\/online-naturheilpraxis.de\/","title":{"rendered":"Meine Praxis"},"content":{"rendered":"<p><a href=\"https:\/\/online-naturheilpraxis.de\/wp-content\/uploads\/2014\/04\/logoselmsdorf.gif\"><img loading=\"lazy\" decoding=\"async\" class=\"alignnone wp-image-45 size-full\" src=\"https:\/\/online-naturheilpraxis.de\/wp-content\/uploads\/2014\/04\/logoselmsdorf.gif\" alt=\"\" width=\"215\" height=\"289\" \/><\/a><\/p>\n<ul>\n<li><strong>Zur Zeit ist keine Terminvergabe m\u00f6glich.<\/strong><\/li>\n<\/ul>\n<p style=\"text-align: left;\">Herzlich willkommen auf meiner Praxis-Seite!<\/p>\n<p>Auf den folgenden Seiten m\u00f6chte ich Sie gerne dar\u00fcber informieren, welche Therapieangebote Sie in meiner Praxis finden.<\/p>\n<p>Meine T\u00e4tigkeit als Heilpraktikerin in eigener Praxis besteht seit dem Jahr 2001.<\/p>\n<p>In dieser Zeit hat sich meine Arbeit auf zwei Schwerpunkte konzentriert:<\/p>\n<ul>\n<li>die Klassische Hom\u00f6opathie und<\/li>\n<li>die Fu\u00dfreflexzonentherapie.<\/li>\n<\/ul>\n<p>Diese beiden Verfahren k\u00f6nnen unabh\u00e4ngig voneinander angewandt werden, k\u00f6nnen aber auch miteinander kombiniert werden und erg\u00e4nzen sich dann in wunderbarer Weise.Beide Therapieverfahren erfassen den Menschen in seiner Ganzheit, sehen also nicht einzelne Organe\/Beschwerden als isolierte Ph\u00e4nomene, sondern immer im Kontext zur Gesamtverfassung eines Menschen. Sie sind f\u00fcr Kinder und Erwachsene geeignet.<\/p>\n<p><a href=\"https:\/\/online-naturheilpraxis.de\/wp-content\/uploads\/2014\/04\/MohnMeran.jpg\"><img loading=\"lazy\" decoding=\"async\" class=\"alignnone wp-image-136 size-medium\" src=\"https:\/\/online-naturheilpraxis.de\/wp-content\/uploads\/2014\/04\/MohnMeran-300x224.jpg\" alt=\"MohnMeran\" width=\"300\" height=\"224\" srcset=\"https:\/\/online-naturheilpraxis.de\/wp-content\/uploads\/2014\/04\/MohnMeran-300x224.jpg 300w, https:\/\/online-naturheilpraxis.de\/wp-content\/uploads\/2014\/04\/MohnMeran-400x300.jpg 400w, https:\/\/online-naturheilpraxis.de\/wp-content\/uploads\/2014\/04\/MohnMeran.jpg 567w\" sizes=\"auto, (max-width: 300px) 100vw, 300px\" \/><\/a><\/p>\n<p>Weiterf\u00fchrende Informationen zur Klassischen Hom\u00f6opathie und zur Fu\u00dfreflexzonentherapie finden Sie unter den entsprechenden Men\u00fcpunkten.<\/p>\n<p>Sollten Sie Fragen haben bez\u00fcglich Ihrer individuellen Situation, einzelner Erkrankungen und deren Therapierbarkeit oder anderer Aspekte, rufen Sie mich gerne an.<\/p>\n<p>Weiterhin besteht die M\u00f6glichkeit, ein unverbindliches und kostenloses Erstgespr\u00e4ch f\u00fcr die Dauer von 20 Minuten zu vereinbaren, damit wir einen ersten pers\u00f6nlichen Kontakt haben und Sie dann entscheiden k\u00f6nnen, wie es weiter geht.<\/p>\n<p>Im Laufe meiner Praxist\u00e4tigkeit habe ich die Erfahrung gemacht, dass auch eine sogenannte schulmedizinische Behandlung ( z.B. bei chronischen Erkrankungen wie Rheuma, Allergien, Darmentz\u00fcndungen, Krebs&#8230;) mit Klassischer Hom\u00f6opathie und Fu\u00dfreflexzonentherapie kombiniert werden kann, wenn die Schwere der Erkrankung das Absetzen der schulmedizinischen Mittel nicht erlaubt.<\/p>\n<p><a href=\"https:\/\/online-naturheilpraxis.de\/wp-content\/uploads\/2014\/04\/Mohn.jpg\"><img loading=\"lazy\" decoding=\"async\" class=\"alignleft wp-image-44 size-medium\" src=\"https:\/\/online-naturheilpraxis.de\/wp-content\/uploads\/2014\/04\/Mohn-300x225.jpg\" alt=\"Mohn\" width=\"300\" height=\"225\" srcset=\"https:\/\/online-naturheilpraxis.de\/wp-content\/uploads\/2014\/04\/Mohn-300x225.jpg 300w, https:\/\/online-naturheilpraxis.de\/wp-content\/uploads\/2014\/04\/Mohn-399x300.jpg 399w, https:\/\/online-naturheilpraxis.de\/wp-content\/uploads\/2014\/04\/Mohn.jpg 425w\" sizes=\"auto, (max-width: 300px) 100vw, 300px\" \/><\/a>Kosten: Bei Privatversicherten sowie Beihilfeberechtigten \u00fcbernehmen die Kostentr\u00e4ger einen Anteil der Therapiekosten nach Geb\u00fchrenordnung f\u00fcr die hom\u00f6opathische Therapie.<br \/>\nF\u00fcr Selbstzahler rechne ich die Kosten nach Zeitaufwand ab.<\/p>\n<p>Die Kosten f\u00fcr eine Behandlung Fu\u00dfreflexzonentherapie ( ca. 35 Minuten) betragen 30,-\u20ac.<\/p>\n<p>Meine Praxis wurde in \u00f6kologischer Bauweise mit baubiologisch gesunden Materialien , z.B. Lehm und Holz erstellt.<\/p>\n","protected":false},"excerpt":{"rendered":"<p>Zur Zeit ist keine Terminvergabe m\u00f6glich. Herzlich willkommen auf meiner Praxis-Seite! Auf den folgenden Seiten m\u00f6chte ich Sie gerne dar\u00fcber informieren, welche Therapieangebote Sie in meiner Praxis finden. Meine T\u00e4tigkeit als Heilpraktikerin in eigener Praxis besteht seit dem Jahr 2001. &hellip; <a href=\"https:\/\/online-naturheilpraxis.de\/\">Weiterlesen <span class=\"meta-nav\">&rarr;<\/span><\/a><\/p>\n","protected":false},"author":1,"featured_media":35,"parent":0,"menu_order":0,"comment_status":"closed","ping_status":"closed","template":"","meta":{"footnotes":""},"class_list":["post-41","page","type-page","status-publish","has-post-thumbnail","hentry"],"_links":{"self":[{"href":"https:\/\/online-naturheilpraxis.de\/index.php?rest_route=\/wp\/v2\/pages\/41","targetHints":{"allow":["GET"]}}],"collection":[{"href":"https:\/\/online-naturheilpraxis.de\/index.php?rest_route=\/wp\/v2\/pages"}],"about":[{"href":"https:\/\/online-naturheilpraxis.de\/index.php?rest_route=\/wp\/v2\/types\/page"}],"author":[{"embeddable":true,"href":"https:\/\/online-naturheilpraxis.de\/index.php?rest_route=\/wp\/v2\/users\/1"}],"replies":[{"embeddable":true,"href":"https:\/\/online-naturheilpraxis.de\/index.php?rest_route=%2Fwp%2Fv2%2Fcomments&post=41"}],"version-history":[{"count":21,"href":"https:\/\/online-naturheilpraxis.de\/index.php?rest_route=\/wp\/v2\/pages\/41\/revisions"}],"predecessor-version":[{"id":262,"href":"https:\/\/online-naturheilpraxis.de\/index.php?rest_route=\/wp\/v2\/pages\/41\/revisions\/262"}],"wp:featuredmedia":[{"embeddable":true,"href":"https:\/\/online-naturheilpraxis.de\/index.php?rest_route=\/wp\/v2\/media\/35"}],"wp:attachment":[{"href":"https:\/\/online-naturheilpraxis.de\/index.php?rest_route=%2Fwp%2Fv2%2Fmedia&parent=41"}],"curies":[{"name":"wp","href":"https:\/\/api.w.org\/{rel}","templated":true}]}}